e 119 = 2*k - i. Is k a prime number?
True
Let u(h) be the third derivative of -h**4/24 - h**3/2 + 10*h**2. Let q be u(0). Is 353 + 0*q/(-6) a composite number?
False
Let v(k) = k**3 + 9*k**2 + 5*k - 10. Let i be v(-8). Suppose -9*m + i*m - 1255 = 0. Is m a prime number?
True
Let y = 42452 - 23659. Is y prime?
True
Suppose -15*y + 16168 = -7*y. Is y composite?
True
Let n(s) = 11*s**3 - 3*s**2 - 7*s - 11. Let u(p) = -12*p**3 + 4*p**2 + 7*p + 12. Let v(h) = -4*n(h) - 3*u(h). Is v(-3) a prime number?
False
Let l(m) = -189*m**3 - 3*m**2 - 6*m - 1. Suppose -o - 18 = -0*o - 4*n, 4 = 2*o + 2*n. Is l(o) composite?
False
Let h be (-510)/(-35) - (-3)/7. Suppose h = z - 105. Let r = 7 + z. Is r composite?
False
Let f(q) = -15*q**3 - q - 5. Is f(-7) a composite number?
False
Suppose -j = 2*a - a - 12658, 5*j - 63282 = 3*a. Is j composite?
True
Suppose -286*x = -244*x - 85890. Is x composite?
True
Suppose -8*c = -7*c. Suppose -q + 391 + 530 = c. Is q composite?
True
Let j = 195 + -377. Let z = 561 + j. Is z composite?
False
Let j = 12706 - 6795. Is j a prime number?
False
Let t be 1*3 + 2970/22. Suppose 3*i - i = t. Is i prime?
False
Suppose -2*b + 2*k + 1612 = 0, -4*b = 5*k - k - 3240. Let i be b/(-2)*3/(-4). Suppose 5*y - 292 = i. Is y a prime number?
False
Let z = 20 + -12. Let l be 26894/98 + z/14. Let a = l + 339. Is a composite?
True
Let p be 2728/5 - (-10)/25. Let t = p + -311. Is t prime?
False
Let g(j) = -707*j + 121. Is g(-20) composite?
True
Suppose 1549 - 436 = 7*p. Let n be 99/6 + 1/2. Suppose -p = n*g - 20*g. Is g composite?
False
Suppose 1252 = 27*a - 187667. Is a composite?
False
Let y(u) = -u**3 + 6*u**2 + 8*u - 4. Suppose 4*o = 16 + 12. Let l be y(o). Suppose -2*b = 2, -5*q - l*b + 1850 = 2*b. Is q a prime number?
False
Suppose 40*o - 226670 = 2*o. Is o a prime number?
False
Let k(w) = -w**2 - 7*w - 2. Let s be k(-8). Let a = 12 + s. Suppose -a*h + 3*r + 29 = 2*h, 0 = 3*h + 3*r - 48. Is h prime?
True
Is (-3)/(-4)*4882*2 a composite number?
True
Let j = -15 - -12. Let n(f) = -f**3 - 4*f**2 - 3*f - 2. Let p be n(j). Is p*(147/(-6))/7 composite?
False
Let q be (-4)/(-6) + 190/3. Is 4474/14 - q/112 a prime number?
False
Let b be (-2)/(-3) + (-6038)/(-6). Suppose 6*v - b = 1267. Is v a composite number?
False
Suppose l = -4*c + 2*l - 921, 2*l + 699 = -3*c. Let v = c + 668. Is v a composite number?
True
Let h be 3336/14 + (-10)/35. Suppose h = -f + 8*f. Suppose 2*b - f = 82. Is b a composite number?
True
Is ((-3)/(-2))/((-1)/(245624/(-12))) a prime number?
True
Let k(b) = 14*b**2 - 8*b - 17. Let m be k(-6). Suppose 2*l - g - 2372 = 0, -2*g + 5404 + m = 5*l. Is l a prime number?
True
Let m(f) = -9*f**2 - 3*f + 1. Let y(h) = 18*h**2 + 6*h - 2. Let s(g) = -9*m(g) - 4*y(g). Is s(-7) a composite number?
False
Let f(g) be the second derivative of -3*g + 3*g**2 + 0 - 65/6*g**3. Is f(-5) a composite number?
False
Let r(n) = 425*n - 28. Is r(7) prime?
False
Let k = 1 + 2. Is (315 - 6/k)*2 composite?
True
Let k(h) = -2*h**2 - 1. Let q be k(-1). Is (-972*1)/(-3) + q a prime number?
False
Let l be (16/(-24))/((-2)/12). Suppose -l*g + 2*k = -464, 0*g + 5*k + 107 = g. Let y = g + -64. Is y prime?
True
Let m(k) = -4*k**3 + 3*k**2 - 13*k - 6. Let v be m(8). Let l = 4044 + v. Is l prime?
False
Suppose 0 = -2*h + 7*h - 8235. Let t = 89 - 84. Suppose 4*f + 5*l - 1640 = -f, h = t*f - 2*l. Is f a prime number?
False
Suppose -3*c + 16 = c. Suppose -3400 = -c*g - g + 5*j, -4*g - 4*j = -2696. Is g prime?
True
Let u(p) = 3*p**2 + 5*p - 39. Is u(16) a prime number?
True
Let s(o) = -o**3 - 4*o**2 + 16*o - 1. Let b be s(-7). Suppose 9*k - 4*k + 4*q + 52 = 0, 4*q = 4*k + 56. Let j = b + k. Is j a composite number?
True
Suppose 0 = 3*d - 5*r - 10636, -d + 3*r + 3543 = -r. Is d composite?
False
Let n(t) = -76*t + 281. Is n(-27) a composite number?
False
Suppose -i = 2*p - 22670, 3220 - 48560 = -4*p + i. Is p a prime number?
False
Let c = 1840 - 426. Let w = c + -743. Is w composite?
True
Let j(z) = 109*z - 52. Let f be j(-24). Let i = -663 - f. Is i a composite number?
True
Let q be 6*(-4)/(-12)*5879. Suppose 6*z + 14713 = 5*a + 2*z, 4*a + 3*z - q = 0. Is a a prime number?
False
Let f be ((-54)/4)/((-7)/14). Let h = 32 + f. Is h a prime number?
True
Let c(a) = 18*a**3 + 4*a**2 + 5*a + 3. Let x be c(-3). Let y = 420 - x. Suppose 2*m - y = 4*z, -3*z + 735 + 624 = 3*m. Is m composite?
False
Let b(o) = -17*o - 3. Suppose 10 = -5*t - 0. Let c be b(t). Suppose 0*v - c = -v. Is v a prime number?
True
Let k(m) = -150*m**2 - 3*m + 3. Let i be k(-2). Let w = -53 - i. Is w composite?
True
Suppose -10 = -4*i - 2*p, 9*i = 4*i - 5*p. Suppose 137 = 6*l + i. Is l a composite number?
True
Let f = 17887 - 9746. Is f a prime number?
False
Let o(x) = 47*x**2 + 6*x + 10. Is o(-9) a prime number?
False
Let a be -3 + 12 + -5 + 0. Is 799 - a*(-2 + 1) prime?
False
Let y be (-67 - -1)*(5 - 79). Let u = y + -2265. Let d = -1856 + u. Is d prime?
False
Is -17846*((-12)/(-16))/(3/(-2)) composite?
False
Let x be 678*(28/(-12) + 3). Is x/12*(-1 - -22) a prime number?
False
Let g(i) = 8*i + 147. Is g(26) a prime number?
False
Let w be 0 - ((2 - 2) + -2). Is 0 + 191 + 0/w prime?
True
Let i(o) = 64*o**3 + 2*o + 2. Let b be i(2). Is (-2)/1*3/((-12)/b) prime?
False
Let d(p) = -154*p - 115. Is d(-17) a prime number?
True
Suppose 0 = 4*s - s - 18. Let w be 21*(3 - (-22)/s). Suppose -1912 = -4*k - w. Is k composite?
False
Suppose 0 = -5*u + 2*m + 2939, -3*m + 0*m = 5*u - 2929. Is u a prime number?
True
Suppose 5*v - 39 = -3*h + 2*v, 0 = -5*h - v + 61. Let d(f) = 4*f + 3*f + 2*f - 7 + 16*f**2 - f**3. Is d(h) a composite number?
False
Let b be -48*((-10)/(-8) - 2). Let d be (-59864)/18 - 8/b. Is (-8)/(-36) + d/(-18) a prime number?
False
Suppose 3 = 3*y + 4*z - 17, 5*z + 2 = 3*y. Suppose v = -4*h - h + 507, h - 5 = 0. Suppose 2*w = y*t - v, t - 2*w - 110 = -5*w. Is t a composite number?
True
Let q(b) = -32*b**2 + 5*b - 18. Let i(f) = f**2 + 1. Let k(v) = -3*i(v) - q(v). Is k(-7) prime?
True
Suppose -27442 = -6*g + 38660. Is g a prime number?
False
Let a(s) = 755*s**2 - 1. Let c = -97 - -99. Is a(c) a composite number?
False
Suppose 20*a - 90667 = 17*a + j, 10 = 5*j. Is a prime?
True
Suppose -3*z - 56186 = -16*z. Is z a prime number?
False
Let m = 198103 + -129081. Is m prime?
False
Let t = -27 - -133. Is t prime?
False
Let u(g) = -4*g + 8. Let t be u(0). Is (6074/t)/(5/20) + -2 a composite number?
True
Is (4/14 + (-91161)/(-98))*26 prime?
False
Let u be 1/5 + (-71896)/(-20). Let d be 1/4 + u/20. Suppose 2*x - d = -2*c, 2*c - 5*x + 20 - 235 = 0. Is c prime?
False
Is -50163*(-7)/(-126)*-6 prime?
False
Let a = -897 + 1326. Let w = a - 284. Is w composite?
True
Let j(v) = -3*v + 16. Let s be j(-4). Suppose s + 61 = l. Is l a composite number?
False
Let h = 58460 + -28425. Is h a prime number?
False
Let l(r) = -r**2 - 3*r + 2. Let n be l(-3). Let o be (1 + 0)/(1*(-3)/(-1161)). Suppose -n*j - g + 2*g + o = 0, 0 = 5*g + 25. Is j prime?
True
Let o = 14312 - -5775. Is o prime?
False
Let c(d) = d**2 - 5*d + 7. Let j be c(4). Suppose -4*t + 19 = j. Suppose -2*w - 3177 = -3*a, -5*a - w = -t*w - 5296. Is a prime?
True
Suppose 0 = d - 48 - 153. Suppose -2*b + 1173 + d = 0. Is b prime?
False
Suppose -3*p - 3*p + 1422 = 0. Let a be (-2)/4 - 9/(-2). Let t = p - a. Is t prime?
True
Let r(x) = x**3 - 5*x**2 - 11*x + 30. Let l be r(6). Suppose -2*y + 1463 + 975 = l. Is y a composite number?
True
Let o(q) = -754*q + 129. Is o(-16) prime?
False
Let g(j) = 69*j - 188. Is g(13) a composite number?
False
Suppose -787 - 15382 = -37*d. Is d prime?
False
Let q be (2 + -3)/(2/(-8)). Suppose 0 = q*v - 3*v - 109. Suppose -v = -3*h + 272. Is h a composite number?
False
Let w be 1/(35/(-3875)) - 4/14. Let m = 222 + w. Is m prime?
False
Let f = 16 + -1. Let m = -9 + f. Suppose -455 = -m*b + b. Is b prime?
False
Suppose 2 = 2*l - 2. Suppose 3*x = l*x - 3. Is 844/(1 - x) - 0 a composite number?
False
Suppose 331 = i + 4*q - 2, -2*i = 3*q - 671. Is i prime?
True
Let x be (-5)/2*224/(-40). Let f(u) = 4*u - 14 - x + 3*u + 9. Is f(14) a composite number?
False
Let i = -5708 + 8487. Let d = i - 1783. Is (0 - 1)/((-4)/d) a prime number?
False
Let f(w) = -7 - 3 - 8*w + 12*w. Let g be f(7). Suppose z = -z + g. Is z a composite number?
True
Suppose -i = -